).
-52
Let c(j) = -9*j + 20. What is c(11)?
-79
Let i(r) = -r**2 - 13*r + 9. Calculate i(-13).
9
Let p(y) = 5*y - 3. Determine p(-7).
-38
Let g(a) = -4*a**3 + 2*a**2 + 2*a. What is g(2)?
-20
Let w(q) = 6*q + 1. What is w(-3)?
-17
Let q(b) = -b**2 + 11*b - 34. Give q(4).
-6
Let z(u) = 2*u + 35. Give z(-21).
-7
Let y(g) = -2*g + 23. Determine y(10).
3
Let f(d) = 2*d - 46. What is f(0)?
-46
Let l(i) = -2*i + 8. What is l(-6)?
20
Let s(o) = 3*o + 67. Calculate s(-23).
-2
Let g(v) = v + 1. Determine g(4).
5
Let a(g) = -g**2 - 7*g + 19. Determine a(-7).
19
Let m(v) = v**3 - 3*v**2 - v. Give m(4).
12
Let p(f) = f**3 + 5*f**2 + 2*f + 2. Give p(-4).
10
Let s(z) = 10*z - 16. Determine s(6).
44
Let g(h) = -h**3 + 4*h**2 - 5*h + 5. What is g(4)?
-15
Let f(h) = -h**3 + 8*h**2 + 4*h + 3. Give f(9).
-42
Let c(k) = k**2 - 29*k - 27. Determine c(30).
3
Let v(r) = -r**2 - 17*r - 46. Give v(-9).
26
Let h(s) = s**2 - 11*s - 5. What is h(9)?
-23
Let z(h) = -11*h**2 + 7*h - 1. Calculate z(1).
-5
Let m(j) = -j**3 - 5*j**2 + 2*j + 2. Calculate m(2).
-22
Let p(b) = 14*b + 11. Determine p(5).
81
Let h(z) = -z**3 - 4*z**2 - 3. Determine h(-4).
-3
Let n(f) = 13*f + 44. Give n(-4).
-8
Let t(z) = z**2 - 18*z + 106. Determine t(10).
26
Let b(a) = 4*a + 21. Determine b(-7).
-7
Let n(t) = -7*t + 56. What is n(10)?
-14
Let w(x) = 5*x**3 - x**2 + 2*x - 11. Give w(3).
121
Let m(k) = k**3 - 9*k**2 + 5*k - 37. What is m(9)?
8
Let d(s) = s + 8. Determine d(10).
18
Let i(g) = 2*g**2 - 7*g + 14. What is i(4)?
18
Let z(h) = -h**2 - 29*h - 57. What is z(-25)?
43
Let d(v) = 2*v**2 - 15*v - 6. Calculate d(8).
2
Let y(p) = -4*p + 27. Calculate y(13).
-25
Let u(t) = t - 10. Determine u(7).
-3
Let k(n) = 7*n + 1. What is k(3)?
22
Let v(m) = m**3 - 8*m**2 - 6*m - 26. What is v(9)?
1
Let w(v) = v**3 - 23*v**2 - 2*v + 50. Calculate w(23).
4
Let d(p) = p**3 - p**2 + p + 19. Give d(0).
19
Let j(g) = -g**3 - 4*g**2 - 2*g + 1. Give j(-3).
-2
Let r(j) = -7*j + 21. Calculate r(5).
-14
Let b(o) = 2*o - 47. Calculate b(20).
-7
Let x(y) = y**2 - 12*y + 15. Calculate x(8).
-17
Let k(x) = -x**3 + 6*x**2 + x + 8. Calculate k(0).
8
Let j(s) = -11*s - 135. What is j(-12)?
-3
Let x(c) = c**3 - 13*c**2 + 3*c - 31. What is x(13)?
8
Let b(f) = -9*f**3 - f**2 - f - 2. Determine b(-1).
7
Let b(p) = p**3 - p**2 - 2*p - 1. Give b(3).
11
Let i(s) = -3*s**2 - 15*s - 27. Determine i(-3).
-9
Let o(n) = -n**2 - 10*n + 6. What is o(-9)?
15
Let y(s) = 2*s - 2. What is y(18)?
34
Let i(r) = r**3 - 7*r**2 - 28*r - 46. Determine i(10).
-26
Let w(n) = -n - 31. Determine w(-18).
-13
Let m(x) = x**3 + 11*x**2 + 18*x + 188. Determine m(-11).
-10
Let h(u) = -18*u - 9. What is h(-2)?
27
Let k(h) = h**2 - 8*h - 5. Give k(8).
-5
Let b(a) = -a**2 + 14*a - 15. Calculate b(13).
-2
Let l(s) = s**3 - 10*s**2 - 5*s + 19. Give l(11).
85
Let n(m) = -m**2 + 15*m + 19. Give n(16).
3
Let w(l) = l**3 + 10*l**2 - 10*l - 15. Give w(-11).
-26
Let h(d) = -7*d + 2. What is h(-7)?
51
Let g(i) = i**3 + 13*i**2 - i - 13. Calculate g(-13).
0
Let b(s) = s**2 - 8*s + 10. Determine b(9).
19
Let n(u) = 2*u**2 + 15*u - 56. Determine n(3).
7
Let h(b) = 2*b**2 - 7*b + 4. Determine h(3).
1
Let g(h) = h**3 + 7*h**2 + 10*h - 1. What is g(-7)?
-71
Let h(n) = -n**3 - 9*n**2 - n + 4. Calculate h(-9).
13
Let g(l) = 15*l + 19. What is g(-4)?
-41
Let j(w) = -16*w - 8. Calculate j(2).
-40
Let t(r) = -r**3 - 2*r**2 - r. Calculate t(-2).
2
Let d(z) = -5*z - 2. Calculate d(-2).
8
Let j(s) = -2*s**2 + 6*s + 29. Give j(6).
-7
Let v(z) = -30*z**2 + 2*z - 2. Calculate v(1).
-30
Let v(p) = p**2 + 2*p - 64. What is v(7)?
-1
Let v(t) = 4*t + 20. Determine v(-9).
-16
Let c(n) = n**3 - 7*n**2 - 16*n - 16. Calculate c(9).
2
Let f(a) = -2*a**2 + 4*a + 8. Determine f(5).
-22
Let o(r) = -r**2 + 2*r + 42. What is o(0)?
42
Let a(c) = c**3 + 6*c**2 + 3*c - 10. Calculate a(-5).
0
Let l(k) = k**2 + 3*k - 70. Determine l(8).
18
Let s(m) = m**3 - 12*m**2 + 6*m - 12. Calculate s(12).
60
Let w(f) = -6*f - 132. What is w(-23)?
6
Let t(g) = -g**3 - 11*g**2 - 30*g + 4. Determine t(-4).
12
Let j(o) = -3*o + 132. What is j(30)?
42
Let v(u) = u**2 + 3*u + 9. Calculate v(0).
9
Let h(d) = -5*d + 35. Give h(8).
-5
Let p(v) = v**3 + 11*v**2 - 15*v - 12. Give p(-12).
24
Let z(g) = 5*g + 15. What is z(13)?
80
Let f(w) = w**3 + w**2 + w + 5. Calculate f(-4).
-47
Let l(t) = t**3 - 2*t**2 - 4*t + 5. Calculate l(3).
2
Let w(c) = 6*c - 72. What is w(18)?
36
Let g(l) = 48*l - 145. Determine g(3).
-1
Let f(r) = 4*r**2 - 1. Calculate f(3).
35
Let h(n) = n - 4. Determine h(6).
2
Let c(j) = j**2 + 11*j + 15. What is c(-11)?
15
Let p(g) = -g**3 + 6*g**2 - 5*g + 1. Calculate p(4).
13
Let v(k) = -65*k + 182. Determine v(3).
-13
Let q(l) = 3*l - 64. What is q(21)?
-1
Let y(f) = f**3 - 15*f**2 - 15*f - 12. Calculate y(16).
4
Let v(h) = -19*h**2 - h. Determine v(-1).
-18
Let g(q) = q**3 - 5*q**2 + 4*q - 16. Determine g(5).
4
Let c(o) = -37*o**2 - 665*o + 22. What is c(-18)?
4
Let t(z) = -z**2 - 11*z - 1. Give t(-12).
-13
Let g(j) = 4*j + 9. What is g(-10)?
-31
Let l(h) = -27*h + 268. Give l(10).
-2
Let n(j) = -j**3 - 3*j**2 - 3*j - 11. What is n(-3)?
-2
Let v(s) = -s**3 + 11*s**2 + 8*s + 21. Give v(12).
-27
Let n(t) = t**2 + 16*t + 15. Give n(-15).
0
Let g(a) = -a - 30. What is g(-14)?
-16
Let g(v) = v**2 - 12*v - 23. Calculate g(14).
5
Let y(o) = -15*o**3 - 1. What is y(1)?
-16
Let g(n) = 3*n - 5. What is g(-2)?
-11
Let k(l) = 2*l**2 - 20*l + 16. Give k(9).
-2
Let o(j) = -j**3 + 33*j**2 + 2*j - 72. Calculate o(33).
-6
Let g(o) = 3*o**2 + 2*o - 4. What is g(0)?
-4
Let w(z) = z - 9. Give w(8).
-1
Let m(g) = 3*g - 2. Give m(5).
13
Let y(a) = -a**2 + 11*a + 16. What is y(-4)?
-44
Let l(d) = -2*d + 33. What is l(-9)?
51
Let t(d) = 4*d**2 - 6*d - 8. What is t(-3)?
46
Let j(c) = c**3 + 3*c**2 - 3*c - 8. Give j(-5).
-43
Let i(n) = 3*n**2 + 2*n + 4. Determine i(-3).
25
Let h(d) = -d**2 - 2*d + 2. Determine h(0).
2
Let w(h) = -7*h**3 + 5*h**2 - h - 4. Calculate w(2).
-42
Let k(u) = -u**3 + u**2 + 4*u + 3. Give k(3).
-3
Let j(u) = 12*u - 8. Calculate j(1).
4
Let t(x) = -17*x + 9. Give t(-2).
43
Let v(d) = d**3 - 9*d**2 + 6*d + 9. Determine v(8).
-7
Let h(o) = 2*o**3 + 15*o**2 + 15*o + 3. What is h(-6)?
21
Let u(y) = -y**2 - 10. What is u(0)?
-10
Let k(v) = -v**3 + 10*v**2 - 15*v + 6. What is k(8)?
14
Let g(y) = -3*y - 9. Give g(-7).
12
Let v(t) = 2*t**2 - 9*t + 22. Determine v(7).
57
Let h(i) = i**3 + 17*i**2 - 39*i + 15. What is h(-19)?
34
Let u(l) = l**2 - 7*l. What is u(6)?
-6
Let v(y) = 6*y**2 - 99*y + 19. Calculate v(16).
-29
Let r(s) = -3*s**2 + 6. Give r(-2).
-6
Let u(z) = 76*z - 5. Calculate u(-2).
-157
Let y(h) = -h**2 - 28*h + 20. Give y(-29).
-9
Let n(r) = r**3 - r**2 + 4*r - 24. Determine n(4).
40
Let w(v) = -7*v - 133. Determine w(-19).
0
Let v(q) = -12*q**2 - 5*q - 5. What is v(-1)?
-12
Let j(l) = -l**3 + 3*l**2 + 8*l + 4. Determine j(5).
-6
Let h(q) = -101*q - 1. Calculate h(-1).
100
Let j(m) = -54*m - 3. Give j(0).
-3
Let v(x) = -x - 1. Give v(17).
-18
Let v(h) = 4*h - 4. Determine v(-6).
-28
Let p(a) = -a**2 - 4*a + 379. Give p(-22).
-17
Let f(r) = -r**3 - 18*r**2 + 20*r + 1. Calculate f(-19).
-18
Let i(p) = p**2 - p - 14. What is i(0)?
-14
Let p(j) = -16*j - 113. Determine p(-7).
-1
Let s(p) = -4*p + 33. Determine s(8).
1
Let l(i) = -i**3 + 7*i**2 + 2*i - 6. Determine l(5).
54
Let x(c) = 2*c**3 - 5*c**2 + 3*c - 4. Determine x(3).
14
Let g(j) = -j**3 - 3*j**2 + 2*j - 2. Give g(-4).
6
Let z(b) = 76*b - 2. Give z(-1).
-78
Let d(l) = l**2 - 10*l + 31. Determine d(8).
15
Let j(q) = -q + 4. Determine j(13).
-9
Let f(q) = 2*q**2 - 9*q - 4. What is f(4)?
-8
Let z(f) = -2*f**2 + 3*f. Calculate z(4).
-20
Let m(o) = 5*o - 18. Calculate m(-3).
-33
Let o(q) = 3*q**2 + 36*q - 4. Give o(-12).
-4
Let z(m) = -m**3 - 8*m**2 - 11*m - 73. Give z(-8).
15
Let c(o) = -10*o - 43. Give c(-4).
-3
Let z(o) = o**2 + 4*o - 8. Determine z(-6).
4
Let u(i) = -12*i + 42. Calculate u(5).
-18
Let z(l) = -2*l**3 + 25*l**2 + 13*l. What is z(13)?
0
Let r(p) = p**3 - 5*p**2 + 2*p + 2. Determine r(2).
-6
Let a(l) = -l**2 - 3*l - 23. Calculate a(-4).
-27
Let z(r) = -7*r - 6. Calculate z(-4).
22
Let l(w) = -3*w**3 - w**2 - 2*w - 3. Give l(-2).
21
Let n(i) = -2*i**2 + 8*i + 14. Determine n(6).
-10
Let c(y) = y**3 + 4*y**2 + 3*y + 1. Determine c(-3).
1
